 77. Suppose s - 73 = -2*q. Calculate the remainder when 93 is divided by q.
21
Suppose 0 = w - 3*n - 21, 15 + 8 = 3*w + n. What is the remainder when 46 is divided by w?
1
Suppose -m = p + 27, -3*p - 5*m - 18 = 61. Let f = 47 + p. What is the remainder when f is divided by 5?
4
Suppose -2*x + 18 = 5*q, q - 6 = -2*x + x. Suppose q + 2 = 4*v. What is the remainder when v is divided by 1?
0
Suppose x + 2*x = 36. What is the remainder when (-4)/8 - (-94)/4 is divided by x?
11
Let o be -2 + 4/((-8)/(-10)). Suppose 2*k - 18 = -y, y + 0*y = -o*k + 26. Calculate the remainder when 22 is divided by k.
6
Let p = 9 - 7. Suppose 0 = -4*d, p*u = u - 4*d - 2. What is the remainder when 7 is divided by (-1 - u)*(-3)/(-1)?
1
Calculate the remainder when (5 - 9)*(-45)/4 is divided by 16.
13
Suppose x + 1 = 5. Calculate the remainder when 15 is divided by x.
3
Suppose 0*t = -t + 70. Suppose -t = -7*l + 4*l - 5*s, -2*s - 5 = -l. Let p = l - 11. What is the remainder when p is divided by 2?
0
Let d(c) = -2*c - 11. Calculate the remainder when 72 is divided by d(-13).
12
Let r(m) = 2*m**2 + 4*m - 1. Calculate the remainder when r(4) is divided by 25.
22
Let t(q) = 23*q - 2. Suppose 18*n - 16*n = 46. What is the remainder when t(2) is divided by n?
21
Let t = 5 + -5. Suppose 3*v + 12 = t, 7 = h + v - 0*v. Calculate the remainder when h is divided by 6.
5
Let b be (-2)/3 - 4/3. Calculate the remainder when 77 + 0 + b/2 is divided by 26 - (-1 - (-1 + 0)).
24
Let m(c) = -c**3 + 2*c**2 + 5*c - 4. Let o be ((-2)/4)/((-5)/30). Calculate the remainder when 2 is divided by m(o).
0
Let v be (-57)/(-21) + (-4)/(-14). Suppose 7*u = j + 4*u + v, 4 = 4*j - 4*u. Let y = -3 - -5. What is the remainder when j is divided by y?
1
Suppose 2*s = -0*s + 4. Let m be -1 + 0 + (1 - s). Calculate the remainder when (m + 0 - -2) + 10 is divided by 6.
4
Suppose 0 = -5*u + 434 + 26. Calculate the remainder when u is divided by 16.
12
Let w(r) = 3*r**2 + r - 2. Calculate the remainder when 21 is divided by w(2).
9
Let s(z) = 5*z**2 + z. Let o be (0 - 5/2)*-2. Suppose -6*k + 3*k + o = -4*b, -b = -1. Calculate the remainder when s(-1) is divided by k.
1
Let y = 37 - 5. Calculate the remainder when 125 is divided by y.
29
Let c = -39 + 72. Suppose 3*g + x - c = 0, 0*x - 45 = -3*g + 3*x. Let o = -16 + 50. What is the remainder when o is divided by g?
10
What is the remainder when 53 is divided by (-645)/(-35) - 6/14?
17
Suppose 528 = 5*j - 447. Calculate the remainder when j is divided by 50.
45
Suppose 0 = 2*u, -14 = -b - b + u. Calculate the remainder when 20 is divided by b.
6
Suppose -2*m + 5*s = 121, -5*m + 68 = 4*s + 354. Let k = 85 + m. What is the remainder when k is divided by 10?
7
Let u(j) = j + 14. Let l = 25 - 11. What is the remainder when l is divided by u(-6)?
6
Suppose 3*x = 5*x - 8. Let a be -1 - (-1*15)/3. Suppose -2*o - 3*o = a*w - 38, w = 2. What is the remainder when o is divided by x?
2
Suppose -5*c = z - 1 - 34, 0 = -c - 5*z - 17. Calculate the remainder when c is divided by 3.
2
Let c = -73 - -113. Calculate the remainder when 159 is divided by c.
39
Suppose 15 = 4*a - 3*k, 6*k = 2*a + 2*k. Let i = a + -3. Suppose -2*n + i*n - 10 = 0. What is the remainder when 18 is divided by n?
8
Let l = 95 + -30. Calculate the remainder when l is divided by 22.
21
Calculate the remainder when 176 is divided by (21 - 3)*25/15.
26
Let l(y) = 6*y + 1. Let x be l(2). Suppose h - 1 = -0*h. Let n = h + x. What is the remainder when n is divided by 8?
6
Suppose 4*f + 120 - 260 = 0. What is the remainder when 68 is divided by f?
33
Let q(x) = -x**3 + 3*x**2 - 2*x + 2. Let h be q(2). Let v = 9 + -5. Calculate the remainder when 9 is divided by (-4 + h)*(-10)/v.
4
Suppose p + 16 = 5*p. Suppose -3*u + j = -75, -j - 25 = -u + p*j. Suppose 2*f + 0*h - 5*h = 23, 2*f = 2*h + 20. What is the remainder when u is divided by f?
7
Let n(f) = f**2 + 7*f - 4. Let t be n(-6). Let l = -4 - t. Suppose -4 = -5*o + l. Calculate the remainder when o is divided by 2.
0
Let g(x) = 4*x**2 - 3*x - 1. Calculate the remainder when 101 is divided by g(3).
23
Suppose -2 = 5*o - 7. Let y(x) = -5*x - 4. What is the remainder when y(-1) is divided by o?
0
Let l = -61 - -70. What is the remainder when 70 is divided by l?
7
Suppose 76 = -3*a + 8*a + 4*w, -2*a + 35 = -3*w. Calculate the remainder when a is divided by 10.
6
Let c = 3 + -1. Calculate the remainder when 8*(90/12)/3 is divided by 0 + 0 - (-13 + c).
9
Calculate the remainder when 4/(-8)*1*6 + 13 is divided by 5.
0
Suppose 5*i - 4*x + 5 = 93, 0 = 2*i - 5*x - 25. What is the remainder when 76 is divided by i?
16
Suppose 5*x = -5 + 30, -2*x + 54 = u. Calculate the remainder when u is divided by 25.
19
Suppose p + 70 = 6*p. Let o = p + -10. Calculate the remainder when 11 is divided by o.
3
Suppose g + 44 = 6*g - 4*v, 4*v + 8 = 2*g. Calculate the remainder when 47 is divided by g.
11
Let o = -11 - -14. Suppose 3*i + 54 = 4*i + p, p = o*i - 158. What is the remainder when i is divided by 14?
11
Suppose -h = -20 - 5. Calculate the remainder when 47 is divided by h.
22
Let u = 27 + -13. Let l = -324 + 378. Calculate the remainder when l is divided by u.
12
Suppose 5*u = x + 1546, 0*x = x - 4. Suppose u = 5*m - 0*m. Calculate the remainder when m is divided by 21.
20
What is the remainder when 19 is divided by (5/(-2))/((-2)/4)?
4
Let b = 23 + -11. Let g(s) = 22*s. Calculate the remainder when g(1) is divided by b.
10
Suppose 0*u - 21 = -3*u. Suppose 9*a - 12*a = 0. Calculate the remainder when u is divided by 3 + -1 + a + 1.
1
Suppose 138 = 8*o - 62. What is the remainder when o is divided by 4?
1
Suppose -z - z - 3*h + 45 = 0, 3*h - 93 = -4*z. Let j = -2 + z. Suppose -2*v = -3*v + 8. Calculate the remainder when j is divided by v.
6
Let m = -63 + 139. Suppose -x - 4 = -5*i - 0, 3*i = -4*x + m. What is the remainder when (-273)/(-9) + (-1)/3 is divided by x?
14
Let r(s) = s**2 + 6*s + 2. Suppose 2*n - 2*l + 12 = 0, 3*n + 7 - 17 = -4*l. Let u be n/(-12)*3*-12. Calculate the remainder when r(u) is divided by 1.
0
Let r be 2*1 + -5 + -155. What is the remainder when 1/2 - r/4 is divided by 8*((-28)/(-16) + 0)?
12
Let q = -2 + 4. Let c be 18 + -4 - q/(-1). Suppose -z + c = z. What is the remainder when 23 is divided by z?
7
What is the remainder when 104/6*72/32 is divided by 14?
11
Let u(n) = -n**3 + 8*n**2 - 9*n + 6. Let w = -88 + 134. Calculate the remainder when w is divided by u(6).
22
Let p(c) be the first derivative of 5*c**2/2 + c + 1. Suppose w + y - 18 = 0, 3*y - 2*y = w - 14. What is the remainder when w is divided by p(1)?
4
Let x be (-1)/(-1*(1 - 0)). What is the remainder when (-3)/(-12) + (-382)/(-8) is divided by 2 - x - (-72)/3?
23
Let o be (0 + 14)*4/(-8). Suppose -4*b + 0*b = -4. Calculate the remainder when (0 - o)*2/7 is divided by b.
0
Let b(a) = -a**3 - 4*a + 0 + 9*a**2 - 8 + 20. Calculate the remainder when b(8) is divided by 15.
14
Suppose 4*q = -3*w - 90 + 219, 4*w - 4*q = 144. Let n = 9 + w. What is the remainder when n is divided by 17?
14
Suppose -8 = -3*u + 22. Let q be 2 - 0 - (-126)/3. Suppose q + 66 = 4*v - 2*l, 82 = 3*v - l. What is the remainder when v is divided by u?
7
Let b be -21 + -2 - 3/(-3). Let s = -12 - b. What is the remainder when 28 is divided by s?
8
Let l(v) = v**3 + 14*v**2 + 11*v + 11. What is the remainder when l(-13) is divided by (-1 - 0) + (0 - -11)?
7
Let z = 18 - 0. Suppose z - 122 = -m. Suppose 0 = -2*l - 4*a + 38, -5*l + m = a - 27. What is the remainder when l is divided by 7?
6
Suppose -35 = -0*a + 4*a + v, 0 = -3*a - 3*v - 33. Let w = a + 9. Suppose -g = -0*g - 2. Calculate the remainder when g is divided by w.
0
Let p(o) = -o - 5. Let i be p(5). Calculate the remainder when 31 is divided by 0 - (-1)/1 - i.
9
What is the remainder when (-188)/(-4) + -1*(-1 + 2) is divided by 16?
14
Let z = 21 - 12. Suppose -8*h + 159 = 23. Calculate the remainder when h is divided by z.
8
Suppose v - 72 = -v. Let p = v + -21. Calculate the remainder when 29 is divided by p.
14
Suppose -14 = 5*t - 39. Suppose 2*i + 42 = 3*w, 2*w = 3*i + t*w + 33. Calculate the remainder when ((-6)/i)/(2/70) is divided by 5.
4
Suppose -5*f + 141 = -49. Suppose 3*z - 2*z = 8. Let l = z + 5. What is the remainder when f is divided by l?
12
Let f(